 a prime number?
False
Is 10915285399 a prime number?
True
Is 37191977 a composite number?
False
Is 1733703221 a prime number?
False
Is 6049566791 a composite number?
False
Is 97162637357 prime?
False
Is 1316575541 composite?
False
Is 750417617 composite?
False
Is 6585671198 prime?
False
Is 2984896301 a prime number?
False
Is 8203891051 prime?
True
Is 13939990039 a prime number?
False
Is 1761394409 composite?
True
Is 8398371601 composite?
True
Is 281106377 prime?
False
Is 620409161 a composite number?
False
Is 2689765069 a prime number?
True
Is 111977008999 a prime number?
True
Is 29654297461 a prime number?
False
Is 20329554407 a composite number?
True
Is 253050107767 prime?
True
Is 948739613 prime?
False
Is 24474103798 a composite number?
True
Is 1121840627 a composite number?
False
Is 5282949911 composite?
True
Is 7843147601 a prime number?
False
Is 53400783751 a composite number?
True
Is 121627890577 prime?
False
Is 4334949461 a composite number?
False
Is 19428966959 a composite number?
False
Is 132101669 a prime number?
False
Is 5167740133 prime?
True
Is 4854030227 a prime number?
True
Is 282125989 a prime number?
False
Is 118122587057 composite?
False
Is 1882123591 prime?
False
Is 4815194894 prime?
False
Is 19160747681 composite?
True
Is 49412733913 composite?
False
Is 42289243 a composite number?
True
Is 674371057 prime?
False
Is 1577879383 a prime number?
False
Is 34485670201 prime?
False
Is 5585270087 composite?
True
Is 68717873 prime?
False
Is 168823627 prime?
False
Is 85628957039 a prime number?
True
Is 2591165899 a composite number?
True
Is 769536919 prime?
True
Is 162244109 composite?
True
Is 17514547067 a composite number?
True
Is 2380319569 a prime number?
False
Is 2305305313 composite?
True
Is 13727321683 composite?
True
Is 61983217187 composite?
False
Is 58245284389 composite?
False
Is 111308763817 a prime number?
True
Is 4766080967 prime?
True
Is 6709184681 prime?
True
Is 3382458797 prime?
True
Is 542305759 prime?
False
Is 1426343959 composite?
True
Is 271355521 prime?
False
Is 237934883174 a composite number?
True
Is 58113508477 a composite number?
False
Is 3128702521 composite?
True
Is 29639716759 prime?
True
Is 29660839763 prime?
True
Is 79651742987 prime?
True
Is 3182677163 a composite number?
False
Is 384509857 composite?
True
Is 484977347 composite?
True
Is 5333828897 a prime number?
False
Is 4703568343 prime?
True
Is 6445785817 composite?
True
Is 61135782709 a prime number?
True
Is 255485231329 composite?
False
Is 106221789257 a prime number?
True
Is 12990156397 a prime number?
True
Is 775287389 a composite number?
False
Is 1921477801 composite?
True
Is 8378931419 composite?
True
Is 10047959717 composite?
False
Is 1356483257 prime?
True
Is 587128147 a prime number?
True
Is 4735478081 a composite number?
False
Is 197397503693 a composite number?
True
Is 272041283 a composite number?
True
Is 19008611905 a prime number?
False
Is 2654399651 a prime number?
True
Is 7642755349 a prime number?
True
Is 25982996729 composite?
False
Is 1104873437 prime?
False
Is 128911501 a composite number?
True
Is 73357733147 prime?
True
Is 33169801039 prime?
False
Is 4992579607 a prime number?
True
Is 46457953 a prime number?
False
Is 44554833489 composite?
True
Is 24397562677 composite?
False
Is 11308408913 a composite number?
True
Is 4518671239 composite?
True
Is 223079537 a prime number?
True
Is 1756391869 composite?
True
Is 1463909147 a composite number?
False
Is 2676132857 a prime number?
False
Is 12465670397 a composite number?
False
Is 5471741945 a prime number?
False
Is 1072265077 a prime number?
False
Is 73815957097 prime?
False
Is 12455387629 a composite number?
True
Is 16033836631 prime?
True
Is 576297079 composite?
True
Is 1029347581 composite?
False
Is 1943551579 a composite number?
False
Is 11053702657 composite?
True
Is 7266143389 prime?
False
Is 17301660943 prime?
False
Is 9317723861 a prime number?
False
Is 79555735663 prime?
True
Is 6200448157 prime?
True
Is 17373164381 prime?
True
Is 677117657 a composite number?
False
Is 2108629157 a prime number?
True
Is 6309174943 a prime number?
False
Is 166027079411 a composite number?
False
Is 59649689 a prime number?
False
Is 1941427561 a composite number?
True
Is 29878057849 a composite number?
True
Is 261169357 composite?
False
Is 126099261889 a composite number?
True
Is 55601339311 a composite number?
True
Is 3210472271 prime?
False
Is 35794006049 a composite number?
False
Is 143637329587 prime?
False
Is 1771191769 prime?
True
Is 115755704161 composite?
True
Is 1301761127 a prime number?
False
Is 163629689 composite?
False
Is 14313772223 composite?
False
Is 99533015129 prime?
False
Is 312431059 composite?
True
Is 390327191 a composite number?
True
Is 75420767 a prime number?
True
Is 177653579 composite?
True
Is 12356707351 composite?
False
Is 224960505047 prime?
True
Is 2526282701 a composite number?
True
Is 5695323199 prime?
False
Is 10115248463 a composite number?
False
Is 2490667243 a prime number?
True
Is 3603572717 prime?
False
Is 583787363 prime?
True
Is 6377271259 a composite number?
False
Is 6128988881 prime?
True
Is 255118920229 composite?
True
Is 1735923661 a prime number?
True
Is 53947903861 prime?
False
Is 9078191567 prime?
True
Is 5918770903 composite?
False
Is 3753175759 prime?
False
Is 2665892417 a prime number?
False
Is 6798474691 a composite number?
True
Is 709605905 composite?
True
Is 2329286143 a composite number?
False
Is 71118840167 prime?
True
Is 850302631 a composite number?
True
Is 229901069 a prime number?
True
Is 93585017 a composite number?
True
Is 492279629 prime?
True
Is 524988701 prime?
True
Is 65195983 a composite number?
True
Is 6610465831 composite?
False
Is 45697311505 a composite number?
True
Is 172614437 composite?
False
Is 2961592571 prime?
False
Is 692993537 a prime number?
False
Is 4764716615 a composite number?
True
Is 1413989767 prime?
True
Is 25705060037 prime?
False
Is 1909885459 prime?
True
Is 9468939971 composite?
False
Is 8142691 a composite number?
True
Is 1393500749 prime?
True
Is 23959253321 composite?
True
Is 973825441 a composite number?
False
Is 36145788677 a prime number?
False
Is 107258821 a composite number?
True
Is 133183672507 a prime number?
False
Is 1654400353 a composite number?
True
Is 1336173946 prime?
False
Is 8548936369 a composite number?
True
Is 1340947507 composite?
True
Is 60037968253 a prime number?
True
Is 2815700389 prime?
False
Is 63499030459 composite?
True
Is 15208772443 composite?
True
Is 110627945 a prime number?
False
Is 4353278329 composite?
False
Is 5122760429 prime?
False
Is 3899075669 a prime number?
True
Is 116746217303 a composite number?
True
Is 28259735221 prime?
True
Is 23069406917 prime?
True
Is 29107365302 composite?
True
Is 1295366983 prime?
False
Is 2602183907 a prime number?
False
Is 10435849847 composite?
True
Is 20752915279 a composite number?
False
Is 55961629247 a composite number?
False
Is 1579828141 prime?
True
Is 9289576279 prime?
False
Is 3140460683 a prime number?
True
Is 130854351623 a composite number?
True
Is 12057083306 prime?
False
Is 1222684777 a prime number?
True
Is 5982320147 a composite number?
False
Is 648427427 composite?
True
Is 4410172187 prime?
False
Is 12542417873 prime?
True
Is 85564577335 a composite number?
True
Is 1029514741 composite?
True
Is 765453901 composite?
False
Is 111386030933 a prime number?
True
Is 10724943587 prime?
True
Is 117125137 composite?
False
Is 278419411 prime?
True
Is 18023635037 a prime number?
False
Is 1140156209 composite?
False
Is 1685265737 a prime number?
False
Is 3626500079 prime?
True
Is 30691679927 prime?
True
Is 25046527537 a composite number?
False
Is 24172537469 a prime number?
True
Is 432882427 prime?
True
Is 1415587357 a prime number?
False
Is 51925730893 a prime number?
True
Is 4496713517 composite?
False
Is 1639631269 a prime number?
True
Is 4908512933 a composite number?
False
Is 78974383 a prime number?
False
Is 5906674987 composite?
True
Is 27288934019 a composite number?
True
Is 2783360219 prime?
True
Is 407128573 prime?
True
Is 6796172369 a composite number?
True
Is 5681255731 composite?
False
Is 5916799741 a composite number?
False
Is 19004869 prime?
False
Is 982878685 prime?
False
Is 88226124397 composite?
False
I